et o(k) = -k**3 - 14*k**2 - k - 3. Let j be o(-14). Let h(v) = -5 + 1 - 5 + v + j. Calculate h(-5).
-3
Let g(y) = y**2 - 6*y - 1. Let x be 0/13 + (-675)/(-3) + -1. Let c be (-10)/45 - x/(-36). Calculate g(c).
-1
Let d(y) be the third derivative of -y**4/12 - 5*y**3/2 - 3*y**2 - 98*y. What is d(-14)?
13
Let x(c) = -6*c - 18. Let a(h) = -9*h - 28. Let r(b) = -5*a(b) + 8*x(b). What is r(2)?
-10
Let b(v) be the third derivative of 1/24*v**4 + 12*v**2 + 0 + 0*v**3 + 0*v. Suppose -c - 5 + 1 = 0. What is b(c)?
-4
Let y = 6 - 6. Suppose y = -r + b - 2, 5*r + b + 2 = 2*r. Let m(p) = 2*p + 1. Give m(r).
-1
Let r(v) = 3*v - 5. Let k(d) = -2*d**2 + 1. Let n(p) = k(p) + r(p). Determine n(4).
-24
Let v be 0 - 2/4*2. Let u(s) = 4*s**2 - s - 1. Let g be u(-1). Let f(a) = -9*a**3 + a**2 + 3*a**3 + a + g*a**3 + a**3 + 1. Determine f(v).
2
Let m(f) = -22*f + 919. Let i(y) = 7*y - 345. Let c(q) = 8*i(q) + 3*m(q). Let l be 6*1*(-1)/2. Give c(l).
27
Let l(t) = 4*t. Suppose -112 = -16*o - 0*o. Give l(o).
28
Let b(k) be the first derivative of -k**3/3 + k**2/2 + k + 75. Suppose -g + 6*g + 2 = l, 5*g = -5*l - 20. Calculate b(g).
-1
Let k(p) = 2*p**2 - 1. Let j(t) = -12*t**2 - 22*t - 24. Let q(v) = -j(v) - 5*k(v). What is q(-9)?
-7
Let i(m) = -m**3 - m**2 + 3*m - 4. Suppose 5*p + 4 - 23 = -2*u, -5*u + 3*p - 30 = 0. Calculate i(u).
5
Let p(n) = -2*n - 1. Let w(q) = -2*q + 15. Let g(v) = -2*v + 16. Suppose -5 = -k - 1. Let c(y) = k*w(y) - 3*g(y). Let d be c(5). Calculate p(d).
-5
Let q(n) = 15*n**2 - 6*n**2 - n - 8*n**2. Suppose 2*c + c + f + 1 = 0, 0 = 4*f + 16. Calculate q(c).
0
Let d = -16 - -15. Let n(c) = -23*c**2 + 2*c + 1. Determine n(d).
-24
Let n(w) be the third derivative of -5*w**4/24 - 4*w**3 - w**2 + 128*w. Calculate n(-4).
-4
Let d(w) be the second derivative of 0 + 0*w**3 - 3/2*w**2 - 7*w - 1/12*w**4. What is d(-3)?
-12
Let u(j) be the first derivative of j**7/210 - j**6/180 + j**4/24 - j**3 - 2. Let i(b) be the third derivative of u(b). What is i(-1)?
-5
Let t be (0*(-2)/(-8))/(-3). Let a(b) = -3 + 3 - 2 - 7*b. Let q(c) = 6*c + 3. Let p(d) = -5*a(d) - 6*q(d). Determine p(t).
-8
Let m(y) = -2*y - y**3 + 0*y**2 + y - y**2 - 1 + 0. Let p(i) = 3*i**3 + 3*i**2 + 3*i + 1. Let w = 4 - 3. Let z(d) = w*p(d) + 2*m(d). Determine z(0).
-1
Let g(o) = 3 + 2 - 1 - 2*o. Give g(3).
-2
Let y(z) = z**2 - 6*z + 3. Let l = -598 - -603. Give y(l).
-2
Let n(v) = -3*v**3 + 2*v + 1. Let h = 1 + -2. Let j be n(h). Let u(r) be the first derivative of -r**3/3 + r**2 + r - 28. Calculate u(j).
1
Let a(q) = q**2 + 19*q + 40. Let y be a(-16). Let t(z) = -z**2 - 10*z - 10. Calculate t(y).
6
Let j(b) = -b**2 + b + 3. Let q be j(2). Let v(r) = r - 10. Let w be v(13). Let d(u) = 5*u + 2*u - 1 + u - w*u. What is d(q)?
4
Let a(w) be the second derivative of -w**8/6720 + w**6/240 - w**5/40 - 13*w**4/12 + 19*w. Let q(o) be the third derivative of a(o). Calculate q(2).
-5
Let c(j) be the third derivative of j**4/24 + 11*j**3/6 + 17*j**2. What is c(-7)?
4
Let j(k) = -2*k**2 - k + 1. Let x(u) = 3*u**2 + 2*u - 1. Let t(l) = 7*j(l) + 4*x(l). Let y(w) = -w**2 + 2*w + 3. Let z(s) = 3*t(s) - 4*y(s). Determine z(-3).
-6
Let w(d) = -d**3 - 5*d**2 - 8*d - 4. Let z be w(-3). Let y(p) = -2*p**3 + 4*p**2 - 5*p + 5. What is y(z)?
-5
Let l(g) be the first derivative of g**5/20 - g**4/2 + g**3/3 - 2*g**2 + g + 20. Let x(c) be the first derivative of l(c). Suppose 4*q = 37 - 13. Give x(q).
8
Let d(s) = s - 10. Let p be (2/(-6))/((-2)/12). Let g be (4 + -8)/(p/2). Let r be (-30)/24*g/1. Determine d(r).
-5
Let p be (-12)/(-7) + (-9)/(-63)*2. Let f(r) be the second derivative of -1/2*r**p - r + 1/3*r**3 + 0. Determine f(-4).
-9
Let o(q) = -q**2 - 12*q - 1. Suppose 2*h + 4*y = -34, 2*h + 47 = -2*h - y. Determine o(h).
10
Let w = -583 - -583. Let g(j) be the third derivative of 5/24*j**4 + 0*j**3 + w*j + 8*j**2 + 0 - 1/60*j**5. Determine g(5).
0
Let a be ((-16)/28 + 54/21 + -1)*-1. Let t(j) be the second derivative of -2*j**4/3 + j**2/2 + j. Calculate t(a).
-7
Suppose -5*q + s - 2*s + 6 = 0, 0 = 5*q - 5*s - 30. Suppose 5*j = -0*x - 2*x + q, 2*j = -x. Let n be 0 - x/((-16)/(-20)). Let v(w) = w**2 - 4*w - 3. Give v(n).
2
Let o(q) = -q**3 - 6*q**2 - 4*q + 4. Suppose -6*d - 82 + 52 = 0. Calculate o(d).
-1
Let c be (-1 + 5/15)*(-15)/2. Let q(w) = -4 - w**3 - 2*w + 6*w**2 + 4. What is q(c)?
15
Let n(w) be the second derivative of 1/3*w**3 + 1/120*w**6 + 0 - 1/30*w**5 + w + 5/2*w**2 - 1/24*w**4. Let b(p) be the first derivative of n(p). Calculate b(3).
8
Let f(z) = -4*z**2 - 78*z - 45. Let k be f(-19). Let o(y) = 10 - 3 - 2*y - y**2 - y. Determine o(k).
-21
Let q(p) = -p - 1. Let f = -9 - -12. Let d(s) = 2*s - 2. Let n be d(f). Let c be n + (0 - -1) + -4. What is q(c)?
-2
Let i(b) = -b**2 - 17 + 24 - 6*b + 2*b. Suppose 4*c = 2*a - 11 - 5, 0 = -3*a + c + 9. Suppose p - 5 = a*p. Calculate i(p).
2
Let u(x) = -5*x**2 - 1. Let o be u(-1). Let l(g) = 4*g**2. Let j be l(1). Let a(c) = j - 2 + 2*c - 3*c. What is a(o)?
8
Suppose 0*s - 36 = -6*s. Suppose 2*x + s = x. Let c(k) = -k**3 - 3 + 2*k - 5*k**2 + 4*k - k. Determine c(x).
3
Let x(t) = t - 8. Let f be x(10). Let n be 16/(-20)*15/f. Let z(p) = p**3 + 6*p**2 - 2*p + 2. Determine z(n).
14
Let a = -27 - -43. Let f(q) = -q**2 + 16*q - 6. Let l be f(a). Let r(d) = 8*d + 8. Let k(p) = -p**2 - p. Let x(s) = 2*k(s) - r(s). Calculate x(l).
-20
Let v(l) = 41*l + 62*l - 81*l - 5. Determine v(3).
61
Let z(p) = -4*p**3 + 64*p**2 - p + 11. Let v be z(16). Let c(k) be the third derivative of -k**6/120 - k**5/15 + 5*k**4/24 - k**2. What is c(v)?
0
Let d be 10/4 + 28/8 + -2. Suppose 4*r - 2*h - 4 = 0, -r = -3*h + h - d. Let p(w) = w**3 + w**2 - w - 13. Give p(r).
-13
Let p(q) = -8*q - 7. Let u(v) = 6*v**2. Let z be u(-1). Let h(b) = -172*b + 60*b + 63*b + 7 + 56*b - 1. Let x(o) = z*h(o) + 5*p(o). Calculate x(1).
3
Let d be (3 - 19) + 3 - 2. Let x = 17 + d. Let q(g) = 4*g**2 - 6*g**x + 0*g + g**2 + 2*g + 1. Give q(5).
-14
Let f(z) = -z**2 - 17*z - 15. Suppose 231 = -4*s + 167. Calculate f(s).
1
Let a(r) = -5*r + 5. Let y(t) = 12 + 3*t - 3 - 11. Let q be (-1)/3*5*3. Let i(n) = q*y(n) - 2*a(n). Calculate i(-1).
5
Let v(t) = 5*t**2 - 1. Let i be v(1). Suppose 6 = u - i*u. Let p(c) = -2*c - 1 + 11028*c**2 - 11027*c**2 - c + 5*c. Calculate p(u).
-1
Let f = -14 - -16. Let j be f + 5 - ((4 - 3) + 2). Let b(a) = 0 + 2*a**2 - 5*a - a**2 - 1. Give b(j).
-5
Suppose 0 = w - 5*h - 22, 2*w - 5*h + 2*h = 79. Let j = 44 - w. Let o(i) = i**3 + 3*i**2 - 2*i + 4. Give o(j).
10
Let c(o) be the first derivative of -4/3*o**3 - 2 - 1/4*o**4 + o - o**2. What is c(-2)?
-3
Let n(r) = -35*r + 12. Let u(p) = 561*p - 198. Let h(j) = -33*n(j) - 2*u(j). Calculate h(1).
33
Suppose -h + 37 = -0*h. Let g = 40 - h. Let l(r) = -5 + r**g - r + 7 - 1 - 2*r**3 - 6*r**2. Determine l(-6).
7
Let c be ((-147)/(-294))/(2/12). Let f(i) = -2*i - 1. What is f(c)?
-7
Let x be (-1)/1*39/3. Let j be (-3)/(-12) + (-99)/12. Let f = j - x. Let a(b) = b**3 - 6*b**2 + 3*b + 4. What is a(f)?
-6
Suppose -s = -2*a - 19, 0*s = 5*s + 2*a - 59. Let x(h) = h**2 - 14*h + 13. Calculate x(s).
0
Let o(c) = -c**2 + 5*c + 2. Suppose -199 = 83*h + 133. Determine o(h).
-34
Let y be 1/((-18)/10 + 2). Let n(d) = y + 0*d**2 - 2 + d**2 - 1 + 8*d. Give n(-5).
-13
Let k(n) = n**3 - n**2 - 3*n + 3. Suppose -20 = -5*t + a - 5, 0 = t + a + 3. Give k(t).
1
Let h(i) = i - 12. Let g = -50 + 38. Let y be 3 + 3/(g/8) + -1. Determine h(y).
-12
Let g(r) be the second derivative of 0 + 1/2*r**2 + r + r**3. Calculate g(-2).
-11
Let z(r) = -r**2 + r + 2. Suppose 95 = 5*l - 4*c, -4*c - 26 - 12 = -2*l. Suppose -2*i = -21 - l. Let a = 18 - i. Give z(a).
-4
Let y be (-2)/4 + 50/20. Let t be -1 - y - (-16)/4. Let v(j) = 9*j**3 - j**2 - j + 1. Determine v(t).
8
Suppose -4*s + 52 = 9*s. Let r(f) = -4*f**2 + 5*f - 5. Determine r(s).
-49
Let u be (-38)/(-6) - 112/84. Let t(y) = 14*y - 9. Determine t(u).
61
Let m = -86 - -91. Suppose -z + m - 8 = 0. Let v(k) = k**3 + 3*k**2 - 2*k - 3. Give v(z).
3
Let r(t) = -t**3 - 5*t**2 + 7*t - 1. Let a(i) = 2*i**2 - 3*i**2 - 6*i**2 - i**3 + 2 - 4*i + 0*i**3. Let v be a(-4). Let p = 24 + v. Determine r(p).
-7
Suppose r - 22 = -0*r. Let v = r + -24. Let m(a) = 2*a**3 + 2*a**2 + 1. Calculate m(v).
-7
Suppose -26*d - 20*d + 97 = -133. Let k(s) = s**2 - s 